?
3
Let p(q) = -14*q + 2. What is the units digit of p(-2)?
0
Let w(j) = -j + 12. Let t be 2/2 + 2 - -2. Suppose -3*b + u = 4, b - t*u + 20 = -b. What is the tens digit of w(b)?
1
Suppose 0 = 2*o - 0*w - 2*w - 572, w - 846 = -3*o. What is the tens digit of o?
8
Suppose t = -h + 19 + 35, 2*h = 5*t + 122. What is the units digit of h?
6
Let v(m) = m**3 + m + 5. Suppose -3*c = 1 - 13. Suppose 0 = -5*o + c*o. What is the units digit of v(o)?
5
Let z(j) = 1. Let y(k) = k - 4. Let r(d) = y(d) + 5*z(d). Let m be r(1). What is the units digit of 4/(-2*m/(-6))?
6
Let b = 92 - 64. Let q = b + -17. What is the units digit of q?
1
Suppose -13 - 7 = 5*t. Let j(a) = -a**3 - 3*a**2 + 2*a + 1. What is the units digit of j(t)?
9
Let h = 16 - 2. What is the tens digit of h?
1
Let u(r) = 5*r**2 + 3. Let c be u(3). Let i = -33 + c. What is the tens digit of i?
1
Suppose -3*m + 3*x + 1208 = m, -m + 301 = -x. What is the units digit of m?
5
Suppose o + 2*o - 6 = 0, 3*m + 2*o - 52 = 0. What is the tens digit of m?
1
Let a(f) = -f**3 - 14*f**2 - 14*f - 10. Let m be a(-13). Suppose 76 = m*s + 16. What is the tens digit of s?
2
Suppose 4*v - 122 = 170. What is the units digit of v?
3
Let p(c) = c - 3. What is the tens digit of p(14)?
1
Let f(n) = -n**3 - 10*n**2 - 4*n - 4. What is the tens digit of f(-10)?
3
Suppose 87 = 5*r - 218. What is the tens digit of r?
6
Suppose -t = 4 + 2. What is the units digit of (-34)/t - (-2)/6?
6
What is the units digit of 3*7/(-28) + 1302/8?
2
Let w = 93 - 40. Let s = -32 + w. What is the units digit of s?
1
Suppose -20*w = -17*w - 1068. What is the hundreds digit of w?
3
Let l = 0 - -3. Suppose l*p - 1 - 5 = 0. Suppose -p*k - 5*r = -39, 4*k = k - 3*r + 36. What is the units digit of k?
7
Suppose -151 = -5*i - 16. What is the units digit of i?
7
Let i = 180 - 9. What is the hundreds digit of i?
1
Suppose 0 = -5*g - 10, -2*n - 3*n + 4*g - 7 = 0. Let v be 0 + 2 - 84/n. Suppose q = -4*q + v. What is the units digit of q?
6
Let v = -23 - -63. What is the units digit of v?
0
Suppose 0*c + 2*c = 76. What is the units digit of c?
8
Let k(m) = -m + 1. Let h(d) = 2*d + 1. Let w(g) = h(g) - 3*k(g). What is the units digit of w(2)?
8
Let x(i) = -i**3 - 6*i**2 - i - 6. Let s be x(-6). Suppose w - 1 - 5 = s. Let h = -4 + w. What is the units digit of h?
2
Suppose 4*p = -3*f - 8, 5*p + 2*f + 3*f + 15 = 0. Suppose t = -p + 4. What is the units digit of t?
3
Let d = 9 - 2. What is the units digit of d?
7
Let j(g) = g**3 - 9*g**2 - 2*g + 10. Let k be j(9). Let y = -3 - k. Suppose 0 = -0*o - y*o + 30. What is the units digit of o?
6
Suppose k = 3*k + 42. Let t be k/14*(-2)/(-3). What is the units digit of (-1)/(t - (-2 + 2))?
1
Let h(x) = -x**3 - 6*x**2 - 5*x + 5. Let f be h(-5). What is the units digit of 119/f + 13/65?
4
Let m be 6/5*60/9. Let f = 7 + m. What is the tens digit of f?
1
Let t(f) = f**2 + 6*f + 2. Let r be t(-5). Let p = r - -3. Suppose 5*g - 3*b - 18 = 30, p = 2*g + 5*b - 13. What is the units digit of g?
9
Let t(f) = -f**3 - 3*f**2 + 23*f - 8. What is the tens digit of t(-8)?
2
Suppose 0 = -r - 3, -4*c + 2*r + 17 = -3*c. Suppose 0 = -3*z - 0*z - 2*g + 17, z - c = 2*g. Let d = z - 2. What is the units digit of d?
5
Suppose 2*u + 16 = 3*u. What is the units digit of u?
6
Let a be -3*((-2)/(-2) + 5). Let j be 2/(-12) - 3/a. Suppose -v + j*v + 4 = i, 6 = 2*i. What is the units digit of v?
1
Let k(r) = r**3 - r + 291. What is the tens digit of k(0)?
9
Let c = 4 - -2. Let p = 8 - c. What is the units digit of p?
2
Let n(x) = -20*x**2 - 24*x + 7. Let s(r) = 7*r**2 + 8*r - 2. Let h(v) = -6*n(v) - 17*s(v). Let c be h(-6). Let o = -4 - c. What is the tens digit of o?
1
Let n = -12 - -31. Suppose 4*z - 18 = 2*b, -4*z = -3*b + 2*b - n. What is the units digit of z?
5
Suppose 0 - 20 = 4*j, -2*o + 77 = 5*j. What is the units digit of o?
1
Let l(w) = -4*w + 0 - 6*w**2 - 5*w**3 + 4*w**3 - 1. Let n be l(-5). Let j = n + 8. What is the units digit of j?
2
Let n(q) = 4*q**3 + q - 1. Let z be n(1). Suppose -l - 4 = -o - z*l, -3*o = l - 4. What is the tens digit of (21 + o)*5/10?
1
Let u(i) = -6 + 9*i - 2 + 5*i**2 - 4*i**2. Let a be u(-9). What is the tens digit of -4*-2*(-11)/a?
1
Let z = 61 + -21. Suppose 86 = 5*x - 0*t + 4*t, -4*t - z = -4*x. Suppose 3*a - 1 = -2*g, -2*a + x = 3*g - 0*a. What is the units digit of g?
8
Let p(f) = 34*f**2 - 5*f + 10. What is the units digit of p(2)?
6
Let j be 3/(1 + (-69)/78). Let i = j - 16. What is the units digit of i/14 + 2/7?
1
Suppose 2*l + 5*q + 0*q = 14, -3*l = -2*q - 2. Suppose -l + 36 = 3*o - 5*s, 0 = o + 5*s + 2. Suppose 0*g = -g + o. What is the units digit of g?
8
Suppose -2*j = -3*j + 2. Suppose 0*f + 52 = 2*f + j*b, -f + 23 = 2*b. What is the units digit of f?
9
Let v = 80 + -46. What is the tens digit of v?
3
Suppose -o - 155 = -2*o. Suppose 4*y = -y + o. What is the units digit of y?
1
Let k be (-1)/((-15)/6 + 2). Let m = k + 2. What is the units digit of m?
4
Let v(t) = t + 3 + t + t**2 - 2 - 3*t. What is the units digit of v(4)?
3
Suppose -5*c + 48 = -2*c. What is the units digit of c?
6
Suppose -3 - 13 = -2*l. What is the units digit of l?
8
Let j be 2 - 1/(1/(-43)). What is the tens digit of 440/j + (-4)/(-18)?
1
Let t(l) be the first derivative of -l**4/4 - 14*l**3/3 - 15*l**2/2 + 4*l - 5. What is the units digit of t(-13)?
0
What is the tens digit of 22/132 + 389/6*1?
6
Suppose 17 + 0 = h - 2*f, 0 = 3*h + 5*f - 40. Let w = h + -11. What is the units digit of w?
4
Let j(s) = -7*s**3 - 5*s**2 + 2*s + 4. What is the units digit of j(-2)?
6
Let m(l) = 22*l + 1. What is the units digit of m(1)?
3
Let o(f) = 2*f + 25. What is the units digit of o(0)?
5
Suppose -11 = -o - 3*g, 5*g = 3*o - 7 - 82. What is the tens digit of o?
2
Suppose -4*f + 388 - 88 = 0. Suppose -3*w + f = 2*w. What is the units digit of w?
5
Let m be (-5 + 11)*1/2. Suppose -m*v + 3 = -4*v. What is the units digit of (24/(-16))/(v/46)?
3
Suppose 4*q = 6 - 22, -u = 2*q - 325. What is the tens digit of u?
3
Suppose -3*j = 83 - 323. Suppose 3*b = -b + j. What is the tens digit of b?
2
Suppose -r + 4*s + 21 = 0, 0*s + 8 = -2*s. What is the tens digit of 233/r - (-6)/(-10)?
4
Let v(t) = -t**3 + 11*t**2 + 16. Let y be v(11). Let z = 32 - y. Suppose 5*r - r - z = 0. What is the units digit of r?
4
Let b = -5 - -11. Suppose 4*o + b - 38 = 0. What is the units digit of o?
8
Let f be -1 - (-5 + 3) - 6. Let j(t) = -5*t - 1. Let v(x) = 4*x + 1. Let m(z) = 5*j(z) + 6*v(z). What is the units digit of m(f)?
6
Let m be 6/4*(-1 + -1). Let d be 14*m/(-6) + 0. Let w = -2 + d. What is the units digit of w?
5
Let h(i) = -i**3 + 5*i**2 - 3*i + 2. Let v be (-6)/(-12)*(-4 - 0). Let s be (0 - -2 - v) + 0. What is the units digit of h(s)?
6
Let i = 15 - -40. Suppose 10*n - 5*n - i = 0. What is the units digit of n?
1
Let k = -3 - -6. Suppose y + 1 = 5*a - 62, k*y + 59 = 5*a. What is the tens digit of a?
1
What is the tens digit of (0/1 - -140) + -3?
3
Suppose 2*i + 5 = -3*m - 2*m, -m - 45 = -4*i. Suppose -3*t = 0, -2*f = 4*t - t - i. What is the units digit of f?
5
What is the units digit of 17*(0 + 2) + -3?
1
Let s = -89 + 125. Let i = s - 25. What is the tens digit of i?
1
Let f be -19 + (-8)/(-2 + 6). What is the tens digit of (14/f)/(2/(-132))?
4
Let d be (-1 - 1)/((-4)/(-48)). Let j = -10 - d. What is the units digit of j?
4
Let p be ((-66)/24)/(2/8). Let n = p - -20. What is the units digit of n?
9
What is the units digit of 1218/10 + (-5)/(-25)?
2
Suppose 3*o - 2*f + 31 = -2, 5*o = 5*f - 60. What is the units digit of ((-12)/o + -1)*9?
3
Let o = 56 + 2. What is the tens digit of o?
5
Let h(a) = -14*a + 1. Let j = -4 - -3. Let q be h(j). What is the units digit of 24/q*(-10)/(-4)?
4
Suppose 2*c = 5*c - 6. What is the units digit of 1/2*(4 - c)?
1
Let y(b) = b**2 - 6*b - 2. Let s be y(7). Suppose -s*n + 0*n = 4*w - 31, 0 = -2*w + 5*n + 23. What is the units digit of 3/(w/(-6)) - -5?
3
Suppose -3*s + 5 = -8*s. What is the tens digit of 13 + s + 1*-1?
1
Let a(y) = 2 - y**2 + y + 0*y + 3*y. Let g be a(3). Suppose -b = -g*v + 2*b + 20, -5*v + 2*b + 15 = 0. What is the units digit of v?
1
Let n = 31 - -132. What is the hundreds digit of n?
1
Let o = -6 + 1. Let s be -2 - (2 + o + 2). What is the units digit of -1 - (-4 + 1 + s)?
3
Suppose -4*x = -0*x - 20. W